he remainder when 20 is divided by w?
6
Let b(h) = -h**3 - 32*h**2 - 111*h + 63. What is the remainder when 1782 is divided by b(-28)?
32
Suppose 0 = 26*b - 32*b + 2910. Calculate the remainder when b is divided by 61.
58
Suppose 5*v + 29 = 94. Suppose -w - 78 = -3*t + 4, 59 = 2*t - 5*w. Let u = -3 + t. Calculate the remainder when u is divided by v.
11
Let t(u) = 2*u - 2. Let z be t(-2). Let p be z/15 + (-316)/10. Calculate the remainder when 3/(-3) - (p + -1) is divided by 11.
10
Let d = -131 + 145. What is the remainder when 40 is divided by d?
12
Suppose 5*b - 5*a = 250, -a = 4*a. What is the remainder when 133 is divided by b?
33
Suppose -17*a + 3*b - 546 = -20*a, -4*b = 3*a - 550. What is the remainder when a is divided by 13?
9
Suppose -740 = -l - 4*l - s, 4*l + 5*s - 592 = 0. Calculate the remainder when l is divided by 41.
25
Let t = -480 + 229. Let f = t - -352. Suppose x + 46 = q - 4*x, 0 = -3*q - 4*x + 62. What is the remainder when f is divided by q?
23
Let s(d) = -162*d + 4 - 1 + 158*d + 3*d**2. What is the remainder when s(-4) is divided by 17?
16
Suppose 4*y - 64 = -4*x, 0 = 3*x + 3*y - 6*y - 36. Let b be 1*11*(-1 - -2). Suppose 0 = -f + 30 + b. Calculate the remainder when f is divided by x.
13
Suppose -4*w = -5*s + 341, -4*s = -3*w + 19 - 291. Suppose 0 = 8*f - 12*f + 132. Calculate the remainder when s is divided by f.
32
Suppose -5*w - 13 = 2, 5*i - 5*w = -2145. What is the remainder when -2 + 1 + 2 - i/27 is divided by 5?
2
Let v = -44 - -46. Let o(b) = b**3 + 2*b**2 - 3*b + 3. Calculate the remainder when o(2) is divided by ((-9)/(-2) - 1)*v.
6
Suppose 0 = -940*j + 935*j + 980. Calculate the remainder when j is divided by 29.
22
Let b(k) = k**3 + 30*k**2 - 72*k - 53. What is the remainder when b(-32) is divided by 23?
19
Suppose -2*p = q - 5, -3*q + p - 7 = -4*q. Calculate the remainder when (-4)/6*(-27)/2 is divided by ((-15)/q)/((-1)/3).
4
Let w(d) = 10*d**2 - 11*d - 27. What is the remainder when 127 is divided by w(-2)?
22
Suppose 0 = 18*o - 16*o - 3*x - 102, -2*x + 140 = 3*o. What is the remainder when o is divided by 10?
8
Let y be 2 + (-2)/1 - -2. Suppose 4*g - y*g - 52 = 0. Calculate the remainder when (57/(-3) + -6)*(-2 - 0) is divided by g.
24
Let f = 116 + -118. Calculate the remainder when 72 + 6 + f + -3 is divided by 15.
13
Let d = 61 - 47. Calculate the remainder when 13 is divided by 12 - 7/(d/8).
5
Let f = -155 - -167. Calculate the remainder when (-5)/(-1 - (-12)/14) is divided by f.
11
Suppose 6*b = -3*b + 1728. Suppose 10*c = 2*c + b. Suppose -5*o = 2*t + 50 - 261, 10 = 2*o. Calculate the remainder when t is divided by c.
21
Let c = -1823 + 1825. Let w(o) = -11*o + 3. Let h(g) = 6*g - 2. Let x(y) = -7*h(y) - 4*w(y). Calculate the remainder when x(2) is divided by c.
0
Suppose d - 2 = -0*l - l, 3*l = -2*d + 1. Let o be d/(-3*(-1)/3). Suppose 5 = -o*s, 3*q = 5*s - 4 + 24. What is the remainder when 7 is divided by q?
2
Let x = 11 + 3. Suppose -9*k + 6 = -30. What is the remainder when x is divided by k?
2
Let a(b) = b**3 - 4*b**2 - 4*b + 6. Let x(l) = -l**3 + 5*l**2 + 6*l. Let y be x(5). Let o = 11 + y. What is the remainder when o is divided by a(5)?
8
Let p = 460 + -443. What is the remainder when (-486)/(-15) + 2/(-5) is divided by p?
15
Let f(y) = 25*y**2 + y. Suppose 0 = 34*k - 38*k - 4*r + 364, k + 3*r - 83 = 0. Calculate the remainder when k is divided by f(-1).
23
Suppose 0 = 7*g + 540 - 1751. What is the remainder when g is divided by 39?
17
Let s be (-9)/(45/20)*-7. Let p(i) = -2*i + 86. What is the remainder when 88 is divided by p(s)?
28
Suppose -p - 62 = -3*r, -4*r + 53 = 4*p - 19. Calculate the remainder when r is divided by (0 - -3)/(0 - (-3)/4).
0
Calculate the remainder when 77 is divided by ((-100)/(-70))/(25/70).
1
Suppose 9*z = 7*z + 160. Suppose -5*q - z = -4*n, -q + 2 = 4*n - 78. Suppose y = n + 35. What is the remainder when y is divided by 15?
10
Suppose 4*s + 39 = 111. Let z = 42 - s. Let x(k) = -k**3 - 4*k**2 + 3*k + 3. What is the remainder when z is divided by x(-5)?
11
Let u = 1720 + -1702. What is the remainder when 1079 is divided by u?
17
Let f = 398 - 193. What is the remainder when f is divided by 23?
21
Suppose -8 = -4*k, -39 = -2*n - 4*k - 13. Let q = -1950 - -1955. What is the remainder when n is divided by q?
4
Let a = -32 + 176. Let x = a + -57. Suppose y = -2*y + x. Calculate the remainder when y is divided by 15.
14
Suppose 0 = -b + 5*b - 20. Suppose 3*t = 4*i + b + 2, -i = -2*t + 3. Let p(s) = 27*s - 2. What is the remainder when 47 is divided by p(t)?
22
Let q be 1*(-3 - (-3 - 1)). Let o be 3 - q/((-1)/2). Suppose u + 2*u = 5*v + 67, -v = o*u - 65. What is the remainder when 27 is divided by u?
13
Suppose 4*g - 27 = -19. Let l = 6 - g. What is the remainder when (2 + 3)*36/10 is divided by l?
2
Let o(d) = d**2 - 18*d + 104. Calculate the remainder when o(17) is divided by 15.
12
Let d be 0 - (1 + 1) - -6. Suppose -d*i = -4*c + 32, 3*c - 5*i - 12 = 2. Let f(n) = -6*n - 173. What is the remainder when f(-37) is divided by c?
10
Let a be 4/28 + (-502)/(-14). Let g = 53 - a. What is the remainder when 97 is divided by g?
12
Let v(s) = -s**3 + 10*s**2 - 8*s - 3. Let f be v(9). Calculate the remainder when f/((-144)/44)*-6 is divided by 4.
3
Let q(y) = -2*y - 3. Let h be q(-8). Let t = 11 - h. Let j = 10 + t. Calculate the remainder when 14 is divided by j.
6
Let g(j) = -14*j - 71. Calculate the remainder when 62 is divided by g(-6).
10
Let t(j) = 40*j - 19. Calculate the remainder when t(7) is divided by 69.
54
Suppose 0*w - m + 13 = w, -46 = -3*w + 4*m. Suppose -w - 2 = -2*t. Calculate the remainder when 13 is divided by t.
5
Suppose -5*c - 18 = -j, -c - 50 - 22 = -2*j. Calculate the remainder when 93 is divided by j.
17
Let d = 206 - -134. What is the remainder when d is divided by 43?
39
Suppose o = -o + 18. Suppose -o = 4*n - 21. Suppose -4*k + 71 = -m - 4*m, -n*m = 3*k - 33. What is the remainder when 53 is divided by k?
11
Let g(f) = -43*f - 82. What is the remainder when g(-4) is divided by 4?
2
Let q(m) be the first derivative of -m**4/4 - 5*m**3/3 - 5*m**2/2 + 4*m + 40. What is the remainder when 22 is divided by q(-4)?
6
Let y(c) be the first derivative of 20*c**2 + 4*c - 14. Let k(t) = 3*t + 2. What is the remainder when y(2) is divided by k(9)?
26
Suppose 0 = -u + 2*u - 13. Suppose 17*k - 36 = 5*k. Suppose -r + u = -k. What is the remainder when 61 is divided by r?
13
Suppose -37*b + 2150 = -921. Let c(l) = -3*l - 9. Calculate the remainder when b is divided by c(-7).
11
Let c = -152 + 360. Calculate the remainder when c is divided by 54.
46
Let s be (588/15)/(2/20). What is the remainder when 8/(s/623) + 2/7 is divided by 7?
6
Let o = -934 + 960. Calculate the remainder when o is divided by 7.
5
Suppose 0 = b - 4*h - 132, -3*b = -0*h + 3*h - 441. Suppose -35*i + b = -31*i. Calculate the remainder when i is divided by 19.
17
Let x(n) = 21*n - 59. Let t = -49 - -119. Calculate the remainder when t is divided by x(4).
20
Let p(m) = -75*m + 3. Let q be p(1). Let t = q - -112. Calculate the remainder when t is divided by 15.
10
Suppose 0*x - 572 = -13*x. Calculate the remainder when 54 is divided by x.
10
Let k be (-2 - -2)/(20/(-10)). Suppose -3*x = 9, k = -5*l - 4*x - 0*x + 163. Calculate the remainder when l is divided by 18.
17
Let p = -1872 - -1989. What is the remainder when p is divided by 20?
17
Let h = 551 + -479. What is the remainder when 139 is divided by h?
67
Let o(s) = s - 7. Let t be o(-7). Calculate the remainder when 51 is divided by (-186)/t - (-16)/(-56).
12
Suppose 36 = 5*j + 4*j. Suppose 0 = -2*h + 5*l + 232, h - 70 = -j*l + 46. What is the remainder when h is divided by 32?
20
Suppose -49 = -5*x + 26. Let f = x + 3. Let k = 5 - 0. Calculate the remainder when f is divided by k.
3
Suppose -60 = -61*v + 58*v. Let p(u) = u**2 - u + 1. Let i(f) = 4*f**2 + 5. Let w(j) = i(j) - 3*p(j). Calculate the remainder when v is divided by w(-4).
2
Let a(d) = d**2 + 4*d. What is the remainder when 21 is divided by a(3)?
0
Let y = 129 + -55. Suppose -41 = 3*r + 10. Let b = 36 + r. What is the remainder when y is divided by b?
17
Suppose 8*w - 9*w = -24. Suppose -126 = -u - 21. Suppose -4*m + 381 - u = 0. What is the remainder when m is divided by w